 -5*g + 15 = 3*f - 5. What is the tens digit of f?
1
Suppose l = 6*t - t - 15, 15 = 5*t + 5*l. Suppose -5*r = -t*k + 17, -4*k - 17 = -3*r - 9*k. Let f(v) = 8*v**2 + v. What is the units digit of f(r)?
7
Suppose -g + 0 = 4. Suppose -2*l - h = -5, -4*l - 2*h = -l - 8. What is the units digit of (16/g)/(l/(-1))?
2
Suppose -3*y = -4*y - 28. Let f be 8/y + (-66)/14. Let i = f + 8. What is the units digit of i?
3
Let k(f) = 8*f - 3 - 2 + 0 + 0*f**2 - f**2. What is the units digit of k(6)?
7
Let v = 17 + -10. Suppose 5*s + v = 102. What is the tens digit of s?
1
Let m = -4 - 3. Let n = 11 - m. What is the units digit of n?
8
What is the units digit of 0 + 0 + (5976/(-6))/(-4)?
9
Let l be (-916)/10 + 6/(-15). Let n be l/(-5) - 4/10. What is the units digit of 4/18 - (-14)/n?
1
Suppose -2*j - q + 11 = 0, 17 = 2*j + 3*q - 0*q. Suppose j*a + 3 = -5. What is the units digit of (-17)/a - (-1)/2?
9
What is the units digit of (29 + 3)/4 + 3?
1
Let g = 17 - -14. What is the units digit of g?
1
What is the units digit of ((-260)/(-5))/(2 - (-6)/(-4))?
4
Let h(q) = q**3 + 6*q**2 + q + 7. Let z(t) = 4*t + 2. Let v be z(-2). Let i be h(v). Let k = 11 - i. What is the units digit of k?
0
Suppose 29 = 2*h - 5*m, 2*h - 2*m - 26 = 2*m. What is the units digit of h?
7
Suppose z + 42 = 234. Suppose -4*k = 4*b - z, -5*k + 2*b + 216 = b. What is the units digit of k?
4
Let u be 4/(-18) - 530/45. Let w = 27 + u. What is the tens digit of w?
1
Suppose 6*z = 7*z - 47. What is the tens digit of z?
4
Let b(c) be the first derivative of c**5/20 - c**4/6 + c**3/3 + c**2 - c - 2. Let r(x) be the first derivative of b(x). What is the units digit of r(2)?
6
Suppose 0 = -14*u + 17 + 543. What is the tens digit of u?
4
Let o = 1 - -5. Suppose 130 = o*c - c + 2*a, -2*c + 2*a = -66. Suppose -5*n - 2*h = -c, 4*n + 7*h = 3*h + 32. What is the units digit of n?
4
Suppose 102 = -3*l - 12. Let t = -9 - l. What is the units digit of t?
9
Suppose 2*w - 4 = -2*f + 4*w, -5*f - 4*w + 37 = 0. Suppose -3*u + 1 = -f. What is the units digit of u?
2
Suppose -7*x + 199 = -2*x + g, -g + 160 = 4*x. What is the tens digit of x?
3
Let r = 2 + 22. What is the tens digit of r?
2
Let j = -44 + 61. What is the tens digit of j?
1
Suppose 0 = -3*d + 9, -3*l - 3*d = 2*d - 129. What is the units digit of l?
8
Let t(c) = 27*c - 1. Let l be t(1). Suppose r - 3*r = -l. What is the tens digit of r?
1
Let q(d) = d**3 - d + 159. What is the tens digit of q(0)?
5
Let v = 267 + -94. What is the tens digit of v?
7
Let g be 54/10 - 6/15. Suppose g*a - r + 8 = 0, 0 = -0*a - a - 2*r - 6. What is the units digit of -2*(a - 3/(-6))?
3
Suppose -2*y - 5*j - 12 = 0, 0 = -2*y + 4*y + 3*j + 12. Let l = y - -4. What is the units digit of (-2 - -1)*(l + -5)?
7
Suppose -9 - 14 = -g + 4*t, -2*g - 3*t + 2 = 0. Suppose 3*x = g*x - 32. What is the units digit of x?
8
Let v(k) = k**2 + 14*k - 2. Let q be v(-11). Let j = q + 63. What is the tens digit of j?
2
What is the units digit of (80/(-6))/(-5)*6?
6
Suppose -2*p + 5*u + 111 = 0, 164 - 68 = 2*p - 2*u. What is the units digit of p?
3
Let x(i) be the second derivative of i**3/3 + 17*i**2 - 5*i. What is the units digit of x(0)?
4
Let v(f) = -f**2 - 8*f - 4. Let n be v(-6). Let c = n + 0. What is the units digit of c?
8
Suppose 5*g - 55 = 5*c, -5*g + 2*c + 58 = -2*c. What is the tens digit of g?
1
Suppose -5*o - 4 = -2*t + 3, 5*o + 10 = 5*t. Let z(j) = -2*j**3 + j**2. What is the units digit of z(o)?
3
Let u(j) = 11*j**2 - 4*j - 37. What is the units digit of u(-6)?
3
Suppose 0*p + 4*p - 22 = -2*w, -2*p + 8 = -2*w. What is the units digit of p?
5
Suppose -4*g = b - 613, g - 5*b = 66 + 82. What is the tens digit of g?
5
Let l = 9 + 9. What is the units digit of l?
8
Let f(q) = 9*q + 4. Let i(m) be the third derivative of -25*m**4/6 - 15*m**3/2 + 2*m**2. Let w(t) = -45*f(t) - 4*i(t). What is the units digit of w(-1)?
5
Suppose 20 = -0*t + t. Suppose -40 = -4*o + t. What is the units digit of o?
5
Let r(u) = 2*u. Let m be r(1). Let o = 67 - 82. Let d = m - o. What is the tens digit of d?
1
Suppose 4*l + 17 = -5*v, 32 = 3*l - 4*v + 6. Suppose 3*q = l*h - 49, -q - 83 = -2*h - 2*h. What is the units digit of h?
0
Suppose 3*y = -7*y + 850. What is the units digit of y?
5
Suppose 3*b - 74 - 77 = 5*l, -4*l - 20 = 0. What is the units digit of b?
2
Suppose -25 = -5*a, -2*a + 21 = -z + 3*a. Let l(s) = -s**2 - 6*s. Let p be l(-6). Suppose p = -o - 5*c - 14, z*c + 9 = c. What is the units digit of o?
1
Let t = -13 - -68. What is the units digit of t?
5
Suppose -h - h = 0. Suppose -s + 18 = -h*s. What is the tens digit of s?
1
What is the hundreds digit of (-2)/(-6) + (-3175)/(-15)?
2
Let n(t) = -t**3 + t**2 + t - 2. Let j be n(-2). Suppose -4*z = -j*z + 16. What is the units digit of z?
4
Let c(f) = 5*f**2 + 2*f + 4. Suppose -5 - 4 = 3*g. What is the units digit of c(g)?
3
Let a(c) = -c**2 - 7*c - 1. Suppose 0 = 2*j - 2 + 12. What is the units digit of a(j)?
9
Let r(w) = -2*w**2 + 37*w - 42. What is the tens digit of r(15)?
6
Let v(r) = -r**3 - 3*r**2 - 3*r - 6. Let g be v(-4). Let j = g - -10. What is the units digit of j?
2
Suppose 2 = g + 8. Let w = g - -8. Suppose -42 + w = -4*u. What is the units digit of u?
0
Suppose 0 = w - 2*h - 9, 3*h = 3*w + 12 - 48. What is the tens digit of w?
1
Let m be (2 - 1) + 1 + 0. Suppose 3*j + 3*s - 57 = -m*s, 4*j = 2*s + 76. What is the tens digit of j?
1
Let t = -338 + 524. What is the hundreds digit of t?
1
Let x = 1 - -5. Suppose 0 = -3*w - x + 27. What is the units digit of w?
7
Suppose 0 = -3*i + 3*b + 123, i = -2*i + 4*b + 120. What is the tens digit of i?
4
Suppose -4*q + 0*b = 5*b - 156, -5*q + b = -166. Suppose 0 = 5*j + 3*k - 33, 5*j = -k - 3*k + q. What is the units digit of j?
6
Let f be 2/(1 + 5/(-7)). Let o(s) = s**2 + 7*s + 2. Let l be o(-6). Let w = f + l. What is the units digit of w?
3
Let w(z) = z**2 - 4. Let h be w(-3). Let r = h + -1. Suppose 4*x = -r*y - y + 55, 27 = y + 4*x. What is the units digit of y?
7
Suppose j - 12 = -3*v, 4*j - 4*v + v - 3 = 0. Suppose -4*y + m + 4*m + 26 = 0, -m - 25 = -j*y. Suppose 4*u - y = 7. What is the units digit of u?
4
Suppose 0 = -4*m + 12 + 8. Suppose 4*s + 2*x = 46, -3*s = -0*s - m*x - 15. What is the tens digit of s?
1
Suppose 3*s + 28 = -0*s + g, 3*s - 4*g + 40 = 0. Let c = s - -22. What is the units digit of c?
4
Let l(u) = -u + 5. Let y be (3/(-4))/(1/(-4)). Let g be (-1)/(-4) + y/(-12). What is the units digit of l(g)?
5
Suppose 8 = -5*h + h. Let b = 3 + h. What is the tens digit of 30/(b - -2) + 1?
1
Let x(f) = -2*f + 10. Let h be x(7). Let n = -1 - h. Suppose 2*z - n = -1. What is the units digit of z?
1
Let v = -23 + 32. Let a = 21 - v. What is the units digit of a?
2
What is the tens digit of (46/(-4) - 3)*-2?
2
Let d = -1 - -4. Suppose a - 4*g - 8 = -d*a, 3*a - g = 6. Suppose a*u = -2*o + 36, 35 + 23 = 3*u + 5*o. What is the units digit of u?
6
Suppose 13 = -4*k + 5*b, 0 = -5*k - 2*b + 3*b - 11. Let l = k + 1. Let c = 2 + l. What is the units digit of c?
1
Suppose 63 = -5*y + 243. Let j be (y/(-10))/(10/(-25)). Let z = j - 1. What is the units digit of z?
8
Let q(i) = i**3 + 5*i**2 + i. Let v = 3 - 5. What is the tens digit of q(v)?
1
Let r = 11 - 9. What is the units digit of (15/r)/((-3)/(-6))?
5
Suppose -14 + 142 = 4*i. What is the units digit of i?
2
Suppose -2*j = -7*j - 2*l + 6, 3*j = -2*l + 2. Suppose 5 = 5*u, -j*v = -u - 13 - 8. What is the tens digit of v?
1
Let c = -24 - -45. What is the tens digit of c?
2
Let k(f) = 2*f**2 + 11*f - 6. Let z be k(-6). Suppose -q + 83 = -h + 5*h, z = 4*q + 20. What is the tens digit of h?
2
Let m be (-1)/(-5) + (-20)/(-25). Let r = 21 - m. What is the units digit of r?
0
What is the units digit of (-6)/(-21) + 2718/42?
5
Suppose -l = -0*l. Let t(z) = 0*z**2 + 2*z - z**3 + 1 - 2*z**2 + l. What is the units digit of t(-3)?
4
Suppose -5*h = -n + 107, -8*n + 3*n + 5*h + 535 = 0. What is the units digit of n?
7
Suppose -4*n + 2*c - 178 = -7*n, -3 = 3*c. What is the units digit of n?
0
Let o(w) = w**2 + w. What is the tens digit of o(8)?
7
What is the units digit of 2/1 + 1 - -84?
7
Let d be (-22 - 0)*(-12)/8. Suppose -5*f + d + 12 = 0. What is the units digit of f?
9
Let l(u) = u**3 + 5*u**2 - 6*u + 4. Let g be l(-6). Let t(d) = -9*d + 1. Let n be t(-1)